{"id":32366,"date":"2026-03-25T00:03:28","date_gmt":"2026-03-25T00:03:28","guid":{"rendered":"https:\/\/mydainikkhabar.com\/?page_id=32366"},"modified":"2026-03-25T00:03:28","modified_gmt":"2026-03-25T00:03:28","slug":"pochopenie-kamagra-oral-jelly-a-jej-pouzitia","status":"publish","type":"page","link":"https:\/\/mydainikkhabar.com\/?page_id=32366","title":{"rendered":"Pochopenie Kamagra Oral Jelly a jej pou\u017eitia"},"content":{"rendered":"<h1>\u010co potrebujete vedie\u0165 o Kamagra Oral Jelly<\/h1>\n<p>Kamagra Oral Jelly je popul\u00e1rna lie\u010dba erektilnej dysfunkcie, ktor\u00e1 pon\u00faka jedine\u010dn\u00fa formu pod\u00e1vania a cel\u00fd rad \u00favah pre efekt\u00edvne a bezpe\u010dn\u00e9 u\u017e\u00edvanie.<\/p>\n<h2>Pochopenie Kamagra Oral Jelly a jej pou\u017eitia<\/h2>\n<p>Kamagra Oral Jelly je liek ur\u010den\u00fd na lie\u010dbu erektilnej dysfunkcie (ED), stavu charakterizovan\u00e9ho neschopnos\u0165ou dosiahnu\u0165 alebo udr\u017ea\u0165 erekciu dostato\u010dn\u00fa pre uspokojiv\u00fd sexu\u00e1lny v\u00fdkon. Tento liek je pozoruhodn\u00fd najm\u00e4 svojou \u017eel\u00e9 formou, ktor\u00e1 umo\u017e\u0148uje r\u00fdchlej\u0161ie vstreb\u00e1vanie v porovnan\u00ed s tradi\u010dn\u00fdmi tabletami. Kamagra Oral Jelly, vyvinut\u00e1 ako vhodnej\u0161ia alternat\u00edva pre t\u00fdch, ktor\u00ed m\u00f4\u017eu ma\u0165 probl\u00e9my s preh\u013atan\u00edm tabliet, sa \u0161iroko pou\u017e\u00edva v r\u00f4znych demografick\u00fdch skupin\u00e1ch.<\/p>\n<p>Prim\u00e1rnou akt\u00edvnou zlo\u017ekou Kamagra Oral Jelly je sildenafil citr\u00e1t, rovnak\u00e1 zl\u00fa\u010denina, ktor\u00e1 sa nach\u00e1dza v zn\u00e1mom lieku Viagra proti ED. Jeho prim\u00e1rnym \u00fa\u010delom je pom\u00f4c\u0165 mu\u017eom dosiahnu\u0165 a udr\u017ea\u0165 erekciu zv\u00fd\u0161en\u00edm prietoku krvi do penisu. Tento produkt sa zvy\u010dajne pou\u017e\u00edva pod\u013ea potreby, pribli\u017ene 15 a\u017e 30 min\u00fat pred sexu\u00e1lnou aktivitou.<\/p>\n<h2>Ako Kamagra Oral Jelly funguje v tele<\/h2>\n<p>Mechanizmus, ktor\u00fdm Kamagra Oral Jelly funguje, zah\u0155\u0148a inhib\u00edciu enz\u00fdmu zn\u00e1meho ako fosfodiester\u00e1za typu 5 (PDE5). Tento enz\u00fdm je zodpovedn\u00fd za regul\u00e1ciu prietoku krvi v penise. Inhib\u00edciou PDE5 Kamagra Oral Jelly u\u013eah\u010duje relax\u00e1ciu krvn\u00fdch ciev, \u010do vedie k zv\u00fd\u0161en\u00e9mu prietoku krvi po\u010das vzru\u0161enia.<\/p>\n<p>Tento proces za\u010d\u00edna, ke\u010f u\u017e\u00edvate\u013e skonzumuje \u017eel\u00e9, \u010do umo\u017e\u0148uje r\u00fdchle vstreb\u00e1vanie sildenafilu do krvn\u00e9ho obehu. R\u00fdchly n\u00e1stup \u00fa\u010dinku je jednou z najatrakt\u00edvnej\u0161\u00edch vlastnost\u00ed \u017eel\u00e9, ktor\u00e1 sa \u010dasto prejav\u00ed do 15 min\u00fat. Trvanie jeho \u00fa\u010dinnosti m\u00f4\u017ee trva\u0165 a\u017e \u0161tyri hodiny, \u010do poskytuje dostatok \u010dasu na spont\u00e1nnu sexu\u00e1lnu aktivitu.<\/p>\n<h2>Odpor\u00fa\u010dan\u00e9 d\u00e1vkovanie pre Kamagra Oral Jelly<\/h2>\n<p>\u0160tandardn\u00e1 d\u00e1vka pre Kamagra Oral Jelly je zvy\u010dajne 50 mg, hoci sa m\u00f4\u017ee l\u00ed\u0161i\u0165 v z\u00e1vislosti od individu\u00e1lnych potrieb a odpor\u00fa\u010dan\u00ed lek\u00e1ra. Pre niektor\u00fdch pou\u017e\u00edvate\u013eov m\u00f4\u017ee by\u0165 vhodn\u00e1 d\u00e1vka 100 mg, zatia\u013e \u010do in\u00ed m\u00f4\u017eu pova\u017eova\u0165 25 mg za posta\u010duj\u00face. Je d\u00f4le\u017eit\u00e9, aby u\u017e\u00edvatelia dodr\u017eiavali predp\u00edsan\u00e9 d\u00e1vkovanie a ak s\u00fa potrebn\u00e9 \u00fapravy, poradili sa so zdravotn\u00edckym pracovn\u00edkom.<\/p>\n<p>Pred\u00e1vkovanie Kamagrou Oral Jelly m\u00f4\u017ee vies\u0165 k ne\u017eiaducim \u00fa\u010dinkom, preto sa odpor\u00fa\u010da u\u017ei\u0165 iba jednu d\u00e1vku v priebehu 24 hod\u00edn. Je d\u00f4le\u017eit\u00e9, aby pou\u017e\u00edvatelia zv\u00e1\u017eili svoj zdravotn\u00fd stav a ak\u00e9ko\u013evek z\u00e1kladn\u00e9 ochorenia, ktor\u00e9 by mohli ovplyvni\u0165 \u00fa\u010dinnos\u0165 alebo bezpe\u010dnos\u0165 lieku.<\/p>\n<h2>Potenci\u00e1lne ved\u013eaj\u0161ie \u00fa\u010dinky Kamagra Oral Jelly<\/h2>\n<p>Zatia\u013e \u010do Kamagra Oral Jelly je vo v\u0161eobecnosti dobre zn\u00e1\u0161an\u00fd, u niektor\u00fdch u\u017e\u00edvate\u013eov sa m\u00f4\u017eu vyskytn\u00fa\u0165 ved\u013eaj\u0161ie \u00fa\u010dinky. \u010cast\u00e9 ved\u013eaj\u0161ie \u00fa\u010dinky zah\u0155\u0148aj\u00fa bolesti hlavy, n\u00e1valy hor\u00fa\u010davy, poruchy tr\u00e1venia, upchat\u00fd nos a z\u00e1vraty. Tieto \u00fa\u010dinky s\u00fa \u010dasto mierne a prechodn\u00e9 a vymizn\u00fa, ke\u010f sa telo prisp\u00f4sob\u00ed lieku.<\/p>\n<p>Existuj\u00fa v\u0161ak z\u00e1va\u017enej\u0161ie ved\u013eaj\u0161ie \u00fa\u010dinky, ktor\u00e9 si vy\u017eaduj\u00fa okam\u017eit\u00fa lek\u00e1rsku pomoc, ako je n\u00e1hla strata zraku, zmeny sluchu alebo erekcia trvaj\u00faca viac ako \u0161tyri hodiny (priapizmus). Pou\u017e\u00edvatelia, u ktor\u00fdch sa vyskytn\u00fa z\u00e1va\u017en\u00e9 ved\u013eaj\u0161ie \u00fa\u010dinky, by mali presta\u0165 pou\u017e\u00edva\u0165 a okam\u017eite vyh\u013eada\u0165 lek\u00e1rsku pomoc.<\/p>\n<h2>Porovnanie Kamagra Oral Jelly s in\u00fdmi liekmi proti ED<\/h2>\n<p>Kamagra Oral Jelly sa odli\u0161uje od ostatn\u00fdch ED k\u00far v\u010faka svojej jedine\u010dnej \u017eel\u00e9 formul\u00e1cii, ktor\u00e1 poskytuje r\u00fdchlej\u0161\u00ed n\u00e1stup \u00fa\u010dinku v porovnan\u00ed s tabletami. To m\u00f4\u017ee by\u0165 obzvl\u00e1\u0161\u0165 prospe\u0161n\u00e9 pre t\u00fdch, ktor\u00ed h\u013eadaj\u00fa okam\u017eit\u00e9 rie\u0161enie sympt\u00f3mov ED. In\u00e9 lie\u010dby, ako je Cialis (tadalafil) a Levitra (vardenafil), pon\u00fakaj\u00fa dlh\u0161ie trvanie alebo alternat\u00edvne mechanizmy \u00fa\u010dinku, ktor\u00e9 vyhovuj\u00fa r\u00f4znym preferenci\u00e1m pou\u017e\u00edvate\u013eov.<\/p>\n<p>Zatia\u013e \u010do Viagra zost\u00e1va najzn\u00e1mej\u0161ou lie\u010dbou ED, <a href=\"https:\/\/slovenskolekaren.com\/kupit-kamagra-oral-jelly-online-bez-lekarskeho-predpisu\">https:\/\/slovenskolekaren.com\/kupit-kamagra-oral-jelly-online-bez-lekarskeho-predpisu<\/a> Kamagra Oral Jelly pon\u00faka cenovo v\u00fdhodn\u00fa alternat\u00edvu s podobnou \u00fa\u010dinnos\u0165ou, v\u010faka \u010domu je atrakt\u00edvna pre t\u00fdch, ktor\u00ed h\u013eadaj\u00fa lacnej\u0161iu mo\u017enos\u0165. Dostupnos\u0165 a leg\u00e1lnos\u0165 sa v\u0161ak m\u00f4\u017eu l\u00ed\u0161i\u0165, \u010do ovplyv\u0148uje v\u00fdber lie\u010dby.<\/p>\n<h2>Bezpe\u010dnostn\u00fd profil Kamagra Oral Jelly<\/h2>\n<p>Bezpe\u010dnostn\u00fd profil Kamagra Oral Jelly je vo v\u0161eobecnosti pozit\u00edvny, pri\u010dom v\u00e4\u010d\u0161ina u\u017e\u00edvate\u013eov poci\u0165uje minim\u00e1lne ved\u013eaj\u0161ie \u00fa\u010dinky. Jeho bezpe\u010dnos\u0165 v\u0161ak m\u00f4\u017ee by\u0165 ohrozen\u00e1, ak sa pou\u017eije nevhodn\u00fdm sp\u00f4sobom alebo sa z\u00edska z neregulovan\u00fdch zdrojov. Pre pou\u017e\u00edvate\u013eov je nevyhnutn\u00e9, aby nakupovali od renomovan\u00fdch dod\u00e1vate\u013eov, aby sa zabezpe\u010dila pravos\u0165 a bezpe\u010dnos\u0165 produktu.<\/p>\n<p>Interakcie s in\u00fdmi liekmi m\u00f4\u017eu tie\u017e ovplyvni\u0165 bezpe\u010dnos\u0165 Kamagra Oral Jelly. Napr\u00edklad by sa nemal pou\u017e\u00edva\u0165 spolu s nitr\u00e1tmi alebo niektor\u00fdmi liekmi na krvn\u00fd tlak, preto\u017ee to m\u00f4\u017ee vies\u0165 k nebezpe\u010dn\u00fdm poklesom krvn\u00e9ho tlaku. Konzult\u00e1cia s poskytovate\u013eom zdravotnej starostlivosti m\u00f4\u017ee pom\u00f4c\u0165 zmierni\u0165 potenci\u00e1lne rizik\u00e1.<\/p>\n<h2>Ako bezpe\u010dne k\u00fapi\u0165 Kamagra Oral Jelly<\/h2>\n<p>Bezpe\u010dn\u00fd n\u00e1kup Kamagra Oral Jelly zah\u0155\u0148a overenie pravosti zdroja. Pou\u017e\u00edvatelia by sa mali vyh\u00fdba\u0165 neregulovan\u00fdm online lek\u00e1r\u0148am, ktor\u00e9 m\u00f4\u017eu pred\u00e1va\u0165 fal\u0161ovan\u00e9 alebo nekvalitn\u00e9 produkty. Namiesto toho z\u00edskavanie z licencovan\u00fdch lek\u00e1rn\u00ed zais\u0165uje kvalitu a bezpe\u010dnos\u0165 produktu.<\/p>\n<p>Odpor\u00fa\u010da sa vy\u017eiada\u0165 si predpis od poskytovate\u013ea zdravotnej starostlivosti, aj ke\u010f je liek v niektor\u00fdch regi\u00f3noch vo\u013ene predajn\u00fd. To zais\u0165uje, \u017ee pou\u017e\u00edvanie Kamagra Oral Jelly je medic\u00ednsky vhodn\u00e9 a bezpe\u010dn\u00e9 pre zdravotn\u00fd stav jednotlivca.<\/p>\n<h2>Pr\u00e1vne aspekty Kamagra Oral Jelly<\/h2>\n<p>Pr\u00e1vne postavenie Kamagra Oral Jelly sa glob\u00e1lne l\u00ed\u0161i. V niektor\u00fdch krajin\u00e1ch sa pova\u017euje za liek na predpis, zatia\u013e \u010do v in\u00fdch m\u00f4\u017ee by\u0165 vo\u013ene predajn\u00fd. Pre pou\u017e\u00edvate\u013eov je d\u00f4le\u017eit\u00e9 pozna\u0165 miestne predpisy, aby sa vyhli pr\u00e1vnym probl\u00e9mom.<\/p>\n<p>Dovoz Kamagra Oral Jelly zo z\u00e1moria bez riadneho povolenia m\u00f4\u017ee predstavova\u0165 aj pr\u00e1vne rizik\u00e1. Pou\u017e\u00edvatelia by mali zabezpe\u010di\u0165 s\u00falad s miestnymi z\u00e1konmi, aby sa vyhli sankci\u00e1m alebo konfi\u0161k\u00e1cii produktu coln\u00fdmi org\u00e1nmi.<\/p>\n<h2>Kamagra Oral Jelly a di\u00e9tne interakcie<\/h2>\n<p>V\u00fdber stravy m\u00f4\u017ee ovplyvni\u0165 \u00fa\u010dinnos\u0165 Kamagra Oral Jelly. Napr\u00edklad konzum\u00e1cia \u017eel\u00e9 na la\u010dn\u00fd \u017eal\u00fadok m\u00f4\u017ee zv\u00fd\u0161i\u0165 jeho vstreb\u00e1vanie a r\u00fdchlos\u0165 \u00fa\u010dinku, preto\u017ee pln\u00fd \u017eal\u00fadok m\u00f4\u017ee oddiali\u0165 jeho \u00fa\u010dinky. \u00da\u010dinnos\u0165 lieku m\u00f4\u017eu zn\u00ed\u017ei\u0165 najm\u00e4 jedl\u00e1 s vysok\u00fdm obsahom tuku.<\/p>\n<p>Okrem toho by mala by\u0165 konzum\u00e1cia alkoholu pri pou\u017e\u00edvan\u00ed Kamagra Oral Jelly obmedzen\u00e1, preto\u017ee nadmern\u00e9 mno\u017estvo alkoholu m\u00f4\u017ee zhor\u0161i\u0165 ved\u013eaj\u0161ie \u00fa\u010dinky alebo zhor\u0161i\u0165 schopnos\u0165 dosiahnu\u0165 erekciu. Pou\u017e\u00edvatelia by si mali d\u00e1va\u0165 pozor na svoje stravovacie n\u00e1vyky, aby optimalizovali v\u00fdhody lieku.<\/p>\n<h2>U\u017e\u00edvate\u013esk\u00e9 sk\u00fasenosti a referencie pre Kamagra Oral Jelly<\/h2>\n<p>Mnoho u\u017e\u00edvate\u013eov uv\u00e1dza pozit\u00edvne sk\u00fasenosti s Kamagra Oral Jelly, pri\u010dom ako v\u00fdznamn\u00e9 v\u00fdhody vyzdvihuj\u00fa jej pohodlie a r\u00fdchly n\u00e1stup \u00fa\u010dinku. Posudky \u010dasto uv\u00e1dzaj\u00fa ako k\u013e\u00fa\u010dov\u00e9 v\u00fdhody zv\u00fd\u0161en\u00fa sebad\u00f4veru a zlep\u0161enie sexu\u00e1lnej v\u00fdkonnosti.<\/p>\n<p>Sk\u00fasenosti sa v\u0161ak m\u00f4\u017eu l\u00ed\u0161i\u0165, pri\u010dom niektor\u00ed pou\u017e\u00edvatelia maj\u00fa ved\u013eaj\u0161ie \u00fa\u010dinky alebo pova\u017euj\u00fa \u017eel\u00e9 za menej \u00fa\u010dinn\u00fa ako in\u00e9 lie\u010dby ED. Osobn\u00e9 zdravotn\u00e9 faktory a dodr\u017eiavanie pokynov na pou\u017e\u00edvanie zohr\u00e1vaj\u00fa k\u013e\u00fa\u010dov\u00fa \u00falohu pri ur\u010dovan\u00ed celkovej spokojnosti s Kamagra Oral Jelly.<\/p>\n<h2>\u00daloha Kamagra Oral Jelly pri lie\u010dbe erektilnej dysfunkcie<\/h2>\n<p>Kamagra Oral Jelly hr\u00e1 v\u00fdznamn\u00fa \u00falohu v lie\u010dbe erektilnej dysfunkcie a pon\u00faka alternat\u00edvu pre t\u00fdch, ktor\u00ed rad\u0161ej neu\u017e\u00edvaj\u00fa tradi\u010dn\u00e9 tablety. Jeho r\u00fdchle p\u00f4sobenie a jednoduch\u00e9 pou\u017eitie z neho robia praktick\u00fa vo\u013ebu pre mnoh\u00fdch mu\u017eov, ktor\u00ed sa zaoberaj\u00fa ED.<\/p>\n<p>Rie\u0161en\u00edm fyziologick\u00fdch pr\u00ed\u010din erektilnej dysfunkcie pom\u00e1ha Kamagra Oral Jelly obnovi\u0165 norm\u00e1lnu sexu\u00e1lnu funkciu a zlep\u0161i\u0165 kvalitu \u017eivota. Je to efekt\u00edvna mo\u017enos\u0165 popri in\u00fdch \u00faprav\u00e1ch \u017eivotn\u00e9ho \u0161t\u00fdlu a lie\u010dbe, ktor\u00e9 sa zameriavaj\u00fa na z\u00e1kladn\u00e9 zdravotn\u00e9 probl\u00e9my prispievaj\u00face k ED.<\/p>\n<h2>Tipy na skladovanie a manipul\u00e1ciu s pr\u00edpravkom Kamagra Oral Jelly<\/h2>\n<p>Spr\u00e1vne skladovanie Kamagra Oral Jelly je nevyhnutn\u00e9 na udr\u017eanie jej \u00fa\u010dinnosti a bezpe\u010dnosti. \u017del\u00e9 by sa malo uchov\u00e1va\u0165 na chladnom a suchom mieste mimo dosahu det\u00ed a priameho slne\u010dn\u00e9ho \u017eiarenia. To zais\u0165uje, \u017ee liek zostane stabiln\u00fd a nekontaminovan\u00fd.<\/p>\n<p>Manipul\u00e1cia s \u017eel\u00e9 \u010dist\u00fdmi rukami a zabezpe\u010denie \u00fapln\u00e9ho uzavretia vrecka pred pou\u017eit\u00edm m\u00f4\u017ee zabr\u00e1ni\u0165 kontamin\u00e1cii. Pou\u017e\u00edvatelia by tie\u017e mali skontrolova\u0165 d\u00e1tumy exspir\u00e1cie a vhodne zlikvidova\u0165 v\u0161etky produkty, ktor\u00fdch platnos\u0165 vypr\u0161ala, aby sa vyhli neefekt\u00edvnemu alebo potenci\u00e1lne \u0161kodliv\u00e9mu pou\u017eitiu.<\/p>\n<h2>Bezpe\u010dnostn\u00e9 opatrenia a kontraindik\u00e1cie pre Kamagra Oral Jelly<\/h2>\n<p>Pred pou\u017eit\u00edm Kamagra Oral Jelly by jednotlivci mali zv\u00e1\u017ei\u0165 nieko\u013eko prevent\u00edvnych opatren\u00ed a kontraindik\u00e1ci\u00ed. Osoby s kardiovaskul\u00e1rnymi ochoreniami, ako s\u00fa z\u00e1va\u017en\u00e9 srdcov\u00e9 choroby alebo ned\u00e1vne srdcov\u00e9 infarkty, by sa mali vyhn\u00fa\u0165 pou\u017e\u00edvaniu tohto lieku bez lek\u00e1rskej konzult\u00e1cie. Podobne jedinci s po\u0161koden\u00edm pe\u010dene alebo obli\u010diek m\u00f4\u017eu vy\u017eadova\u0165 \u00fapravu d\u00e1vkovania alebo alternat\u00edvnu lie\u010dbu.<\/p>\n<p>Kamagra Oral Jelly je kontraindikovan\u00fd u \u013eud\u00ed, ktor\u00ed s\u00fa alergick\u00ed na sildenafil alebo na in\u00e9 zlo\u017eky pr\u00edpravku. Neodpor\u00fa\u010da sa pou\u017e\u00edva\u0165 ani u \u017eien a det\u00ed. D\u00f4kladn\u00e9 lek\u00e1rske vy\u0161etrenie m\u00f4\u017ee pom\u00f4c\u0165 ur\u010di\u0165, \u010di je Kamagra Oral Jelly vhodn\u00e1 pre konkr\u00e9tneho jednotlivca.<\/p>\n<h2>Kamagra Oral Jelly: M\u00fdty vs. Fakty<\/h2>\n<p>Kamagra Oral Jelly obklopuje nieko\u013eko m\u00fdtov, ktor\u00e9 \u010dasto pramenia z jej dostupnosti a propag\u00e1cie na neregulovan\u00fdch trhoch. Be\u017enou mylnou predstavou je, \u017ee ide o \u201ez\u00e1zra\u010dn\u00fd liek\u201c na erektiln\u00fa dysfunkciu, ktor\u00fd funguje bez akejko\u013evek potreby sexu\u00e1lnej stimul\u00e1cie, \u010do je nespr\u00e1vne; pre jeho \u00fa\u010dinnos\u0165 je nevyhnutn\u00e9 vzru\u0161enie.<\/p>\n<p>\u010eal\u0161\u00edm roz\u0161\u00edren\u00fdm m\u00fdtom je, \u017ee Kamagra Oral Jelly je v\u0161eobecne bezpe\u010dn\u00e1 a m\u00f4\u017ee sa pou\u017e\u00edva\u0165 bez lek\u00e1rskeho doh\u013eadu. V skuto\u010dnosti, ako v\u0161etky lieky, nesie potenci\u00e1lne rizik\u00e1 a mal by sa pou\u017e\u00edva\u0165 pod odborn\u00fdm veden\u00edm, aby sa zaistila bezpe\u010dnos\u0165 a \u00fa\u010dinnos\u0165.<\/p>\n<h2>Bud\u00faci v\u00fdvoj v produktoch Kamagra Oral Jelly<\/h2>\n<p>Bud\u00facnos\u0165 Kamagra Oral Jelly m\u00f4\u017ee vidie\u0165 pokroky vo formul\u00e1cii a sp\u00f4soboch pod\u00e1vania, aby sa e\u0161te viac zv\u00fd\u0161ilo pohodlie a \u00fa\u010dinnos\u0165 pou\u017e\u00edvate\u013ea. Pokra\u010duje v\u00fdskum s cie\u013eom vyvin\u00fa\u0165 nov\u00e9 lie\u010dby ED, ktor\u00e9 pon\u00fakaj\u00fa zlep\u0161en\u00e9 bezpe\u010dnostn\u00e9 profily a zn\u00ed\u017een\u00e9 ved\u013eaj\u0161ie \u00fa\u010dinky.<\/p>\n<p>Okrem toho, ako sa porozumenie erektilnej dysfunkcie vyv\u00edja, produkty Kamagra Oral Jelly by mohli by\u0165 potenci\u00e1lne prisp\u00f4soben\u00e9 tak, aby zodpovedali \u0161pecifick\u00fdm potreb\u00e1m pacientov a poskytovali viac personalizovan\u00fdch mo\u017enost\u00ed lie\u010dby. Inov\u00e1cie v tejto oblasti m\u00f4\u017eu na\u010falej podporova\u0165 dostupnos\u0165 a \u00fa\u010dinnos\u0165 lie\u010dby ED na celom svete.<\/p>\n","protected":false},"excerpt":{"rendered":"<p>\u010co potrebujete vedie\u0165 o Kamagra Oral Jelly Kamagra Oral Jelly je popul\u00e1rna lie\u010dba erektilnej dysfunkcie, ktor\u00e1 pon\u00faka jedine\u010dn\u00fa formu pod\u00e1vania a cel\u00fd rad \u00favah pre efekt\u00edvne a bezpe\u010dn\u00e9 u\u017e\u00edvanie. Pochopenie Kamagra Oral Jelly a jej pou\u017eitia Kamagra Oral Jelly je liek ur\u010den\u00fd na lie\u010dbu erektilnej dysfunkcie (ED), stavu charakterizovan\u00e9ho neschopnos\u0165ou dosiahnu\u0165 alebo udr\u017ea\u0165 erekciu dostato\u010dn\u00fa [&hellip;]<\/p>\n","protected":false},"author":1,"featured_media":0,"parent":0,"menu_order":0,"comment_status":"closed","ping_status":"closed","template":"","meta":{"footnotes":""},"class_list":["post-32366","page","type-page","status-publish","hentry"],"_links":{"self":[{"href":"https:\/\/mydainikkhabar.com\/index.php?rest_route=\/wp\/v2\/pages\/32366","targetHints":{"allow":["GET"]}}],"collection":[{"href":"https:\/\/mydainikkhabar.com\/index.php?rest_route=\/wp\/v2\/pages"}],"about":[{"href":"https:\/\/mydainikkhabar.com\/index.php?rest_route=\/wp\/v2\/types\/page"}],"author":[{"embeddable":true,"href":"https:\/\/mydainikkhabar.com\/index.php?rest_route=\/wp\/v2\/users\/1"}],"replies":[{"embeddable":true,"href":"https:\/\/mydainikkhabar.com\/index.php?rest_route=%2Fwp%2Fv2%2Fcomments&post=32366"}],"version-history":[{"count":1,"href":"https:\/\/mydainikkhabar.com\/index.php?rest_route=\/wp\/v2\/pages\/32366\/revisions"}],"predecessor-version":[{"id":32368,"href":"https:\/\/mydainikkhabar.com\/index.php?rest_route=\/wp\/v2\/pages\/32366\/revisions\/32368"}],"wp:attachment":[{"href":"https:\/\/mydainikkhabar.com\/index.php?rest_route=%2Fwp%2Fv2%2Fmedia&parent=32366"}],"curies":[{"name":"wp","href":"https:\/\/api.w.org\/{rel}","templated":true}]}}