{"id":32172,"date":"2026-03-24T23:30:52","date_gmt":"2026-03-24T23:30:52","guid":{"rendered":"https:\/\/mydainikkhabar.com\/?page_id=32172"},"modified":"2026-03-24T23:30:52","modified_gmt":"2026-03-24T23:30:52","slug":"razumijevanje-erektilne-disfunkcije-i-njezinih-uzroka","status":"publish","type":"page","link":"https:\/\/mydainikkhabar.com\/?page_id=32172","title":{"rendered":"Razumijevanje erektilne disfunkcije i njezinih uzroka"},"content":{"rendered":"<h1>Kako Tadacip djeluje na ED: mehanizam, po\u010detak, trajanje<\/h1>\n<p>Tadacip, lijek za erektilnu disfunkciju, djeluje kroz precizan mehanizam koji uklju\u010duje tadalafil, nude\u0107i razli\u010dit po\u010detak i trajanje djelovanja u usporedbi s drugim opcijama u upravljanju ED-om.<\/p>\n<h2>Razumijevanje erektilne disfunkcije i njezinih uzroka<\/h2>\n<p>Erektilna disfunkcija (ED) prevladavaju\u0107e je stanje koje poga\u0111a zna\u010dajan udio mu\u0161karaca, osobito onih starijih od 40 godina. Karakterizira ga nemogu\u0107nost postizanja ili odr\u017eavanja erekcije dovoljne za zadovoljavaju\u0107u seksualnu izvedbu. Uzroci ED-a su vi\u0161estrani, obuhva\u0107aju fiziolo\u0161ke, psiholo\u0161ke \u010dimbenike i \u010dimbenike na\u010dina \u017eivota. Uobi\u010dajeni fiziolo\u0161ki uzroci uklju\u010duju kardiovaskularne bolesti, dijabetes i hormonsku neravnote\u017eu.<\/p>\n<p>Psiholo\u0161ki elementi kao \u0161to su stres, tjeskoba i depresija tako\u0111er mogu pridonijeti razvoju ED-a. Osim toga, odabir stila \u017eivota, uklju\u010duju\u0107i pu\u0161enje, pretjeranu konzumaciju alkohola i nedostatak tjelesne aktivnosti, igra klju\u010dnu ulogu u pogor\u0161anju stanja. Razumijevanje ovih temeljnih uzroka klju\u010dno je za krojenje u\u010dinkovitih strategija lije\u010denja.<\/p>\n<h2>Uvod u Tadacip: pregled<\/h2>\n<p>Tadacip je lijek posebno namijenjen lije\u010denju erektilne disfunkcije. Proizveden od strane Cipla, renomirane farmaceutske tvrtke, Tadacip nudi u\u010dinkovito rje\u0161enje za mu\u0161karce koji se bore s ED-om. \u0160iroko je poznat po svojoj dostupnosti u usporedbi s drugim lijekovima robnih marki, \u0161to ga \u010dini pristupa\u010dnim izborom za mnoge pojedince.<\/p>\n<p>Lijek je dostupan u obliku tableta i obi\u010dno se propisuje prema potrebi, ovisno o te\u017eini stanja i cjelokupnom zdravstvenom stanju pacijenta. Tadacip je poznat po tome \u0161to mu\u0161karcima omogu\u0107uje vra\u0107anje kontrole nad svojim seksualnim zdravljem, \u010dime pobolj\u0161ava kvalitetu \u017eivota i ja\u010da njihovo samopouzdanje.<\/p>\n<h2>Aktivni sastojak Tadacipa: tadalafil<\/h2>\n<p>Aktivni sastojak Tadacipa je tadalafil, koji pripada skupini lijekova poznatih kao inhibitori fosfodiesteraze tipa 5 (PDE5). Tadalafil je tako\u0111er aktivna komponenta u op\u0107epoznatijem lijeku Cialis. Djeluje tako \u0161to pove\u0107ava dotok krvi u penis, \u0161to je neophodno za postizanje i odr\u017eavanje erekcije.<\/p>\n<p>Tadalafil se isti\u010de zbog duljeg polu\u017eivota u usporedbi s drugim lijekovima za ED, \u0161to omogu\u0107uje ve\u0107u fleksibilnost u pogledu vremena. Ova jedinstvena zna\u010dajka \u010dini ga popularnim izborom me\u0111u mu\u0161karcima koji ne \u017eele previ\u0161e strogo planirati seksualnu aktivnost. Razumijevanje farmakolo\u0161kih svojstava tadalafila klju\u010dno je za razumijevanje na\u010dina na koji Tadacip djeluje u lije\u010denju ED-a.<\/p>\n<h2>Kako Tadacip djeluje: Mehanizam djelovanja<\/h2>\n<p>Mehanizam djelovanja Tadacipa po\u010dinje inhibicijom enzima PDE5. Blokiraju\u0107i ovaj enzim, tadalafil sprje\u010dava razgradnju cikli\u010dkog guanozin monofosfata (cGMP), molekule koja olak\u0161ava opu\u0161tanje glatkih mi\u0161i\u0107nih stanica u krvnim \u017eilama penisa. Ovo opu\u0161tanje omogu\u0107uje pove\u0107an protok krvi, \u0161to je klju\u010dno za pojavu erekcije.<\/p>\n<p>Kada je mu\u0161karac seksualno stimuliran, du\u0161ikov oksid se osloba\u0111a u kavernoznom tijelu penisa, dodatno poja\u010davaju\u0107i proizvodnju cGMP-a. Tadacip osigurava da razina cGMP-a ostane povi\u0161ena, \u010dime se podupire odr\u017eiva erekcija. Ovaj proces nagla\u0161ava va\u017enost seksualnog uzbu\u0111enja u kombinaciji s Tadacipom za optimalnu u\u010dinkovitost.<\/p>\n<h2>Uloga PDE5 inhibitora u lije\u010denju ED<\/h2>\n<p>Inhibitori PDE5, uklju\u010duju\u0107i tadalafil, sildenafil i vardenafil, napravili su revoluciju u lije\u010denju erektilne disfunkcije. Ovi lijekovi su u\u010dinkoviti jer ciljano djeluju na fiziolo\u0161ke putove koji su uklju\u010deni u postizanje erekcije. Inhibicijom enzima PDE5, ovi lijekovi odr\u017eavaju povi\u0161ene razine cGMP-a, olak\u0161avaju\u0107i pobolj\u0161ani protok krvi u penis.<\/p>\n<p>Uvo\u0111enje PDE5 inhibitora ozna\u010dilo je zna\u010dajan <a href=\"https:\/\/brzilijek.net\/tadacip-bez-recepta\">Tadacip 20mg<\/a> napredak u lije\u010denju ED-a, nude\u0107i pouzdanu opciju za mnoge mu\u0161karce. Me\u0111utim, svaki inhibitor ima jedinstvena svojstva, kao \u0161to su po\u010detak djelovanja i trajanje, koja utje\u010du na njihovu prikladnost za razli\u010dite pojedince. Razumijevanje ovih razlika poma\u017ee u odabiru najprikladnijeg lijeka za lije\u010denje ED-a.<\/p>\n<h2>Po\u010detak djelovanja: Kako brzo Tadacip djeluje<\/h2>\n<p>Tadacip je poznat po svom relativno brzom po\u010detku djelovanja, obi\u010dno stupaju\u0107i na snagu unutar 30 do 60 minuta nakon gutanja. To ga \u010dini prikladnim za mu\u0161karce koji se \u017eele upustiti u spontanu seksualnu aktivnost bez duljeg razdoblja \u010dekanja. Me\u0111utim, va\u017eno je napomenuti da prisutnost hrane, osobito jela s visokim udjelom masti, mo\u017ee odgoditi njezinu apsorpciju i u\u010dinkovitost.<\/p>\n<p>Brzi po\u010detak djelovanja Tadacipa je olak\u0161an farmakokineti\u010dkim svojstvima tadalafila, koja mu omogu\u0107uju da se lako apsorbira u krvotok. Ovo brzo djelovanje razlikuje ga od nekih drugih ED lijekova, pru\u017eaju\u0107i korisnicima fleksibilnost da manje kruto planiraju vrijeme doziranja.<\/p>\n<h2>Trajanje u\u010dinkovitosti: Koliko traje Tadacip<\/h2>\n<p>Jedna od najzna\u010dajnijih zna\u010dajki Tadacipa je njegova produljena u\u010dinkovitost, koja mo\u017ee trajati do 36 sati. Ovaj pro\u0161ireni prozor \u010desto se naziva &quot;vikend pilula&quot; u\u010dinak, omogu\u0107uju\u0107i ve\u0107u spontanost u seksualnim aktivnostima tijekom duljeg razdoblja bez potrebe za dodatnim doziranjem.<\/p>\n<p>Dugotrajnost Tadacipa pripisuje se produljenom polu\u017eivotu tadalafila. Ova karakteristika daje jasnu prednost u odnosu na druge lijekove za ED, koji mogu zahtijevati \u010de\u0161\u0107e doziranje. Za mnoge korisnike, ova produ\u017eena u\u010dinkovitost zna\u010di opu\u0161teniji pristup intimnosti.<\/p>\n<h2>Usporedba Tadacipa s drugim lijekovima za ED<\/h2>\n<p>Kada se Tadacip uspore\u0111uje s drugim lijekovima za ED kao \u0161to su Viagra (sildenafil) i Levitra (vardenafil), pojavljuje se nekoliko razlika. Iako su sva tri inhibitori PDE5, njihovi farmakokineti\u010dki profili variraju. Viagra i Levitra obi\u010dno imaju kra\u0107e djelovanje, traje oko 4 do 6 sati, za razliku od tadacipovog prozora od 36 sati.<\/p>\n<p>Jo\u0161 jedna razlika le\u017ei u po\u010detku djelovanja; Viagra i Levitra \u010desto imaju br\u017ei po\u010detak, osobito na prazan \u017eeludac. Me\u0111utim, tadacipovo produ\u017eeno trajanje je privla\u010dnije onima koji tra\u017ee fleksibilnost. Izbor izme\u0111u ovih lijekova u kona\u010dnici ovisi o individualnim preferencijama i na\u010dinu \u017eivota.<\/p>\n<h2>Preporuke za doziranje Tadacipa<\/h2>\n<p>Standardna preporu\u010dena doza Tadacipa je 10 mg, uzeta prije o\u010dekivane seksualne aktivnosti. Ovisno o individualnom odgovoru i toleranciji, doza se mo\u017ee prilagoditi na 20 mg ili smanjiti na 5 mg. Obi\u010dno se savjetuje da se ne prekora\u010di jedna doza unutar 24 sata.<\/p>\n<p>Za one koji koriste Tadacip na redovitijoj osnovi, mo\u017ee se propisati dnevni re\u017eim niske doze, obi\u010dno na 2.5 mg ili 5 mg. Ovaj je pristup prikladan za mu\u0161karce koji se \u010de\u0161\u0107e bave seksualnom aktivno\u0161\u0107u i preferiraju dosljednu razinu lijekova u svom sustavu. Savjetovanje s lije\u010dnikom klju\u010dno je za odre\u0111ivanje najprikladnijeg plana doziranja.<\/p>\n<h2>Mogu\u0107e nuspojave i kako se s njima nositi<\/h2>\n<p>Kao i svi drugi lijekovi, Tadacip mo\u017ee uzrokovati nuspojave, iako se one ne javljaju kod svih. Uobi\u010dajene nuspojave uklju\u010duju glavobolje, crvenilo lica, za\u010depljenost nosa i probavne smetnje. Oni su obi\u010dno blagi i imaju tendenciju da se smanjuju kako se tijelo prilago\u0111ava na lijekove.<\/p>\n<p>U rijetkim slu\u010dajevima mogu se pojaviti ozbiljnije nuspojave kao \u0161to su iznenadni gubitak vida, zujanje u u\u0161ima ili dugotrajne erekcije (prijapizam). Va\u017eno je potra\u017eiti lije\u010dni\u010dku pomo\u0107 ako se pojave ovi simptomi. Upravljanje nuspojavama uklju\u010duje pridr\u017eavanje preporuka za doziranje i raspravu o svim nedoumicama sa zdravstvenim djelatnikom.<\/p>\n<h2>Kako \u017eivotni izbori utje\u010du na u\u010dinkovitost Tadacipa<\/h2>\n<p>Odabir na\u010dina \u017eivota zna\u010dajno utje\u010de na u\u010dinkovitost Tadacipa. Odr\u017eavanje zdrave tjelesne te\u017eine, redovita tjelesna aktivnost i pridr\u017eavanje uravnote\u017eene prehrane mogu pobolj\u0161ati u\u010dinkovitost lijeka. Smanjenje konzumacije alkohola i prestanak pu\u0161enja tako\u0111er su korisni za pobolj\u0161anje ukupnog seksualnog zdravlja.<\/p>\n<p>Upravljanje stresom i dovoljan san pozitivno pridonose odgovoru tijela na Tadacip. Rje\u0161avanje psiholo\u0161kih \u010dimbenika, kao \u0161to su tjeskoba ili problemi u vezi, mo\u017ee dodatno pobolj\u0161ati rezultate. Holisti\u010dki pristup modifikacijama na\u010dina \u017eivota mo\u017ee optimizirati dobrobiti Tadacipa u lije\u010denju ED-a.<\/p>\n<h2>Interakcije Tadacipa s drugim lijekovima<\/h2>\n<p>Tadacip mo\u017ee stupiti u interakciju s razli\u010ditim lijekovima, potencijalno mijenjaju\u0107i njegovu u\u010dinkovitost ili pove\u0107avaju\u0107i rizik od nuspojava. Treba napomenuti da se ne smije uzimati s nitratima, koji se obi\u010dno propisuju za bolove u prsima, jer ova kombinacija mo\u017ee dovesti do opasnog pada krvnog tlaka.<\/p>\n<p>Ostale potencijalne interakcije uklju\u010duju odre\u0111ene antihipertenzive, antimikotike i inhibitore HIV proteaze. Neophodno je obavijestiti pru\u017eatelje zdravstvenih usluga o svim lijekovima i dodacima koji se uzimaju kako bi se procijenile mogu\u0107e interakcije. Prilagodba doza ili odabir alternativnih tretmana mogu biti potrebni kako bi se osigurala sigurnost.<\/p>\n<h2>Sigurnosna razmatranja i mjere opreza<\/h2>\n<p>Prije uzimanja Tadacipa, va\u017eno je razmotriti sva postoje\u0107a zdravstvena stanja, kao \u0161to su kardiovaskularne bolesti, problemi s bubrezima ili jetrom i alergije. Ovi \u010dimbenici mogu utjecati na prikladnost i sigurnost Tadacipa za pojedina\u010dne korisnike.<\/p>\n<p>Preporu\u010dljivo je redovito pra\u0107enje i konzultacije s lije\u010dnikom kako bi se rije\u0161ili svi novi zdravstveni problemi i po potrebi prilagodili planovi lije\u010denja. Svijest o tome kako ne\u010dije tijelo reagira na Tadacip klju\u010dna je za odr\u017eavanje u\u010dinkovitosti i sigurnosti.<\/p>\n<h2>Tra\u017eenje lije\u010dni\u010dkog savjeta prije upotrebe Tadacipa<\/h2>\n<p>Prije po\u010detka uzimanja Tadacipa potrebno je konzultirati se sa zdravstvenim radnikom. Temeljita medicinska procjena poma\u017ee u odre\u0111ivanju prikladnosti lijeka i osigurava njegovu sigurnu upotrebu. Ova procjena obi\u010dno uklju\u010duje procjenu ukupnog zdravlja, trenutnih lijekova i osobnih preferencija.<\/p>\n<p>Lije\u010dni\u010dki savjet je osobito va\u017ean za pojedince slo\u017eenih zdravstvenih profila ili one koji uzimaju vi\u0161e lijekova. Davatelj zdravstvene skrbi mo\u017ee ponuditi smjernice o optimalnom doziranju, potencijalnim nuspojavama i prilagodbama na\u010dina \u017eivota kako bi se maksimizirale prednosti Tadacipa.<\/p>\n<h2>Osobna iskustva i izjave s Tadacipom<\/h2>\n<p>Osobna iskustva s Tadacipom razlikuju se, a mnogi korisnici navode pozitivne rezultate, uklju\u010duju\u0107i pobolj\u0161anu erektilnu funkciju i pove\u0107ano samopouzdanje. Svjedo\u010danstva \u010desto isti\u010du dugotrajne u\u010dinke lijeka i pogodnost koju nudi u smislu fleksibilnosti doziranja.<\/p>\n<p>Iako se individualni odgovori mogu razlikovati, sveobuhvatni je stav da Tadacip pru\u017ea pouzdano rje\u0161enje za upravljanje erektilnom disfunkcijom. Razmjena osobnih iskustava mo\u017ee biti dragocjena za druge koji razmi\u0161ljaju o lijeku, nude\u0107i uvide i poti\u010du\u0107i osje\u0107aj zajedni\u0161tva me\u0111u onima koji se suo\u010davaju s ED-om.<\/p>\n","protected":false},"excerpt":{"rendered":"<p>Kako Tadacip djeluje na ED: mehanizam, po\u010detak, trajanje Tadacip, lijek za erektilnu disfunkciju, djeluje kroz precizan mehanizam koji uklju\u010duje tadalafil, nude\u0107i razli\u010dit po\u010detak i trajanje djelovanja u usporedbi s drugim opcijama u upravljanju ED-om. Razumijevanje erektilne disfunkcije i njezinih uzroka Erektilna disfunkcija (ED) prevladavaju\u0107e je stanje koje poga\u0111a zna\u010dajan udio mu\u0161karaca, osobito onih starijih od [&hellip;]<\/p>\n","protected":false},"author":1,"featured_media":0,"parent":0,"menu_order":0,"comment_status":"closed","ping_status":"closed","template":"","meta":{"footnotes":""},"class_list":["post-32172","page","type-page","status-publish","hentry"],"_links":{"self":[{"href":"https:\/\/mydainikkhabar.com\/index.php?rest_route=\/wp\/v2\/pages\/32172","targetHints":{"allow":["GET"]}}],"collection":[{"href":"https:\/\/mydainikkhabar.com\/index.php?rest_route=\/wp\/v2\/pages"}],"about":[{"href":"https:\/\/mydainikkhabar.com\/index.php?rest_route=\/wp\/v2\/types\/page"}],"author":[{"embeddable":true,"href":"https:\/\/mydainikkhabar.com\/index.php?rest_route=\/wp\/v2\/users\/1"}],"replies":[{"embeddable":true,"href":"https:\/\/mydainikkhabar.com\/index.php?rest_route=%2Fwp%2Fv2%2Fcomments&post=32172"}],"version-history":[{"count":1,"href":"https:\/\/mydainikkhabar.com\/index.php?rest_route=\/wp\/v2\/pages\/32172\/revisions"}],"predecessor-version":[{"id":32174,"href":"https:\/\/mydainikkhabar.com\/index.php?rest_route=\/wp\/v2\/pages\/32172\/revisions\/32174"}],"wp:attachment":[{"href":"https:\/\/mydainikkhabar.com\/index.php?rest_route=%2Fwp%2Fv2%2Fmedia&parent=32172"}],"curies":[{"name":"wp","href":"https:\/\/api.w.org\/{rel}","templated":true}]}}