{"id":26225,"date":"2026-03-23T16:20:02","date_gmt":"2026-03-23T16:20:02","guid":{"rendered":"https:\/\/mydainikkhabar.com\/?page_id=26225"},"modified":"2026-03-23T16:20:02","modified_gmt":"2026-03-23T16:20:02","slug":"jak-dziala-sildenafil-szczegolowe-spojrzenie","status":"publish","type":"page","link":"https:\/\/mydainikkhabar.com\/?page_id=26225","title":{"rendered":"Jak dzia\u0142a Sildenafil: szczeg\u00f3\u0142owe spojrzenie"},"content":{"rendered":"<h1>Inhibitory PDE5 wyja\u015bni\u0142y: jak dzia\u0142aj\u0105 sildenafil, tadalafil i wardenafil: wydanie obalamy mity<\/h1>\n<p>Poznaj wiedz\u0119 naukow\u0105 stoj\u0105c\u0105 za inhibitorami PDE5, w tym sildenafil, tadalafil i wardenafil, obalaj powszechne mity i poznaj ich rol\u0119 w leczeniu zaburze\u0144 erekcji.<\/p>\n<h2>Zrozumienie inhibitor\u00f3w PDE5: przegl\u0105d i mechanizm<\/h2>\n<p>Inhibitory PDE5 to klasa lek\u00f3w stosowanych g\u0142\u00f3wnie w leczeniu zaburze\u0144 erekcji (ED) poprzez zwi\u0119kszenie przep\u0142ywu krwi do pr\u0105cia. Dzia\u0142aj\u0105 poprzez blokowanie enzymu fosfodiesterazy typu 5 (PDE5), kt\u00f3ry znajduje si\u0119 w kom\u00f3rkach mi\u0119\u015bni g\u0142adkich cia\u0142 jamistych, przypominaj\u0105cych g\u0105bk\u0119 obszar\u00f3w tkanki erekcji. To hamowanie powoduje rozlu\u017anienie tych mi\u0119\u015bni, umo\u017cliwiaj\u0105c w ten spos\u00f3b zwi\u0119kszony przep\u0142yw krwi podczas podniecenia seksualnego.<\/p>\n<p>Opracowanie inhibitor\u00f3w PDE5 oznacza\u0142o znaczny post\u0119p w leczeniu zaburze\u0144 erekcji, oferuj\u0105c nieinwazyjn\u0105 i skuteczn\u0105 alternatyw\u0119 dla poprzednich metod leczenia, takich jak zastrzyki pr\u0105cia lub urz\u0105dzenia pr\u00f3\u017cniowe. Leki te zyska\u0142y powszechn\u0105 akceptacj\u0119 ze wzgl\u0119du na \u0142atwo\u015b\u0107 stosowania i skuteczno\u015b\u0107. Zrozumienie ich funkcjonowania ma kluczowe znaczenie zar\u00f3wno dla pacjent\u00f3w, jak i pracownik\u00f3w s\u0142u\u017cby zdrowia w skutecznym leczeniu zaburze\u0144 erekcji.<\/p>\n<h2>Rola cGMP w funkcjonowaniu erekcji<\/h2>\n<p>Cykliczny monofosforan guanozyny (cGMP) jest cz\u0105steczk\u0105 kluczow\u0105 w fizjologicznym procesie osi\u0105gania erekcji. Podczas stymulacji seksualnej w cia\u0142ach jamistych uwalniany jest tlenek azotu, co prowadzi do wzrostu poziomu cGMP. Cz\u0105steczka ta powoduje rozlu\u017anienie mi\u0119\u015bni g\u0142adkich, umo\u017cliwiaj\u0105c krwi wype\u0142nienie tkanek erekcyjnych i wywo\u0142anie erekcji.<\/p>\n<p>cGMP jest rozk\u0142adany przez PDE5; zatem hamowanie PDE5 zwi\u0119ksza poziom cGMP, utrzymuj\u0105c rozlu\u017anienie mi\u0119\u015bni i przep\u0142yw krwi niezb\u0119dny do utrzymania erekcji. R\u00f3wnowaga pomi\u0119dzy produkcj\u0105 i degradacj\u0105 cGMP jest niezb\u0119dna dla prawid\u0142owego funkcjonowania erekcji, co podkre\u015bla skuteczno\u015b\u0107 inhibitor\u00f3w PDE5 w leczeniu zaburze\u0144 erekcji.<\/p>\n<h2>Jak dzia\u0142a Sildenafil: szczeg\u00f3\u0142owe spojrzenie<\/h2>\n<p>Sildenafil, powszechnie znany pod mark\u0105 Viagra, by\u0142 pierwszym inhibitorem PDE5 wprowadzonym na rynek w 1998 roku. Dzia\u0142a poprzez selektywne hamowanie PDE5, zwi\u0119kszaj\u0105c w ten spos\u00f3b poziom cGMP i wzmacniaj\u0105c naturaln\u0105 reakcj\u0119 erekcji na stymulacj\u0119 seksualn\u0105. Zwykle przyjmowany na oko\u0142o godzin\u0119 przed aktywno\u015bci\u0105 seksualn\u0105, okienko skuteczno\u015bci syldenafilu trwa oko\u0142o czterech do sze\u015bciu godzin.<\/p>\n<p>Jedn\u0105 z godnych uwagi cech sildenafilu jest jego szybkie dzia\u0142anie, co sprawi\u0142o, \u017ce jest on popularnym wyborem w\u015br\u00f3d m\u0119\u017cczyzn poszukuj\u0105cych szybkiego rozwi\u0105zania zaburze\u0144 erekcji. Jego skuteczno\u015b\u0107 zosta\u0142a dobrze udokumentowana w badaniach klinicznych, wykazuj\u0105c znaczn\u0105 popraw\u0119 funkcji erekcji w r\u00f3\u017cnych populacjach. Jednak\u017ce jego interakcja z \u017cywno\u015bci\u0105 i niekt\u00f3rymi lekami mo\u017ce wp\u0142ywa\u0107 na jego wch\u0142anianie i skuteczno\u015b\u0107, co wymaga dok\u0142adnego rozwa\u017cenia czasu i czynnik\u00f3w dietetycznych.<\/p>\n<h2>Unikalne w\u0142a\u015bciwo\u015bci Tadalafilu<\/h2>\n<p>Tadalafil, sprzedawany jako Cialis, to kolejny inhibitor PDE5 o wyra\u017anym profilu farmakologicznym. Jego g\u0142\u00f3wn\u0105 przewag\u0105 nad sildenafilem jest d\u0142ugi okres p\u00f3\u0142trwania, kt\u00f3ry pozwala zachowa\u0107 skuteczno\u015b\u0107 a\u017c do 36 godzin. Dzi\u0119ki temu wyd\u0142u\u017conemu czasowi zyska\u0142 przydomek &quot;pigu\u0142ka weekendowa,&quot; zapewniaj\u0105c u\u017cytkownikom wi\u0119ksz\u0105 elastyczno\u015b\u0107 i spontaniczno\u015b\u0107.<\/p>\n<p>Ze wzgl\u0119du na przed\u0142u\u017cone dzia\u0142anie tadalafil mo\u017cna przyjmowa\u0107 w ni\u017cszych dawkach dziennych, zapewniaj\u0105c ci\u0105g\u0142e dzia\u0142anie bez konieczno\u015bci \u0142\u0105czenia leku z aktywno\u015bci\u0105 seksualn\u0105. Ten codzienny schemat mo\u017ce by\u0107 szczeg\u00f3lnie korzystny dla m\u0119\u017cczyzn z cz\u0119st\u0105 aktywno\u015bci\u0105 seksualn\u0105, zapewniaj\u0105c bardziej naturalne podej\u015bcie do leczenia zaburze\u0144 erekcji. Jednak d\u0142u\u017cszy czas jego trwania mo\u017ce skutkowa\u0107 r\u00f3wnie\u017c d\u0142ugotrwa\u0142ymi dzia\u0142aniami niepo\u017c\u0105danymi, kt\u00f3re nale\u017cy uwa\u017cnie monitorowa\u0107.<\/p>\n<h2>Wardenafil: co go wyr\u00f3\u017cnia?<\/h2>\n<p>Wardenafil, znany pod mark\u0105 Levitra, ma wiele podobie\u0144stw do sildenafilu, ale cz\u0119sto jest preferowany ze wzgl\u0119du na nieco d\u0142u\u017cszy czas dzia\u0142ania i bardziej selektywne hamowanie PDE5. Ta selektywno\u015b\u0107 potencjalnie zmniejsza ryzyko wyst\u0105pienia dzia\u0142a\u0144 niepo\u017c\u0105danych zwi\u0105zanych z inhibitorami PDE5, takich jak zmiany widzenia.<\/p>\n<p>Podobnie jak sildenafil, wardenafil przyjmuje <a href=\"https:\/\/lek-w-domu.pl\/\">https:\/\/lek-w-domu.pl\/<\/a> si\u0119 zwykle na oko\u0142o godzin\u0119 przed aktywno\u015bci\u0105 seksualn\u0105, a dzia\u0142anie utrzymuje si\u0119 przez oko\u0142o cztery do pi\u0119ciu godzin. Jego skuteczno\u015b\u0107 wykazano w licznych badaniach, zw\u0142aszcza u pacjent\u00f3w z chorobami podstawowymi, takimi jak cukrzyca, gdzie wykazano siln\u0105 reakcj\u0119. Nieco szybszy pocz\u0105tek dzia\u0142ania w por\u00f3wnaniu z sildenafilem mo\u017ce by\u0107 korzystny dla niekt\u00f3rych u\u017cytkownik\u00f3w.<\/p>\n<h2>Powszechne mity na temat inhibitor\u00f3w PDE5<\/h2>\n<p>Pomimo ich powszechnego stosowania, na temat inhibitor\u00f3w PDE5 wci\u0105\u017c kr\u0105\u017cy kilka mit\u00f3w. Powszechnym b\u0142\u0119dnym przekonaniem jest to, \u017ce mog\u0105 zwi\u0119ksza\u0107 po\u017c\u0105danie seksualne; w rzeczywisto\u015bci leki te nie wp\u0142ywaj\u0105 na libido, a raczej u\u0142atwiaj\u0105 fizjologiczny proces erekcji. Do skutecznego dzia\u0142ania wymagaj\u0105 stymulacji seksualnej, co rozwiewa pogl\u0105d, \u017ce mog\u0105 spontanicznie wywo\u0142a\u0107 erekcj\u0119.<\/p>\n<p>Kolejnym mitem jest to, \u017ce inhibitory PDE5 s\u0105 przeznaczone wy\u0142\u0105cznie dla starszych m\u0119\u017cczyzn. Chocia\u017c zaburzenia erekcji cz\u0119\u015bciej wyst\u0119puj\u0105 wraz z wiekiem, mog\u0105 dotyka\u0107 m\u0119\u017cczyzn w ka\u017cdym wieku z powodu r\u00f3\u017cnych czynnik\u00f3w, takich jak stres psychiczny, styl \u017cycia i schorzenia. Inhibitory PDE5 mog\u0105 by\u0107 skuteczne w r\u00f3\u017cnych grupach wiekowych, pod warunkiem braku przeciwwskaza\u0144.<\/p>\n<h2>Por\u00f3wnanie skuteczno\u015bci: Sildenafil vs Tadalafil vs Wardenafil<\/h2>\n<p>Por\u00f3wnuj\u0105c inhibitory PDE5, ich skuteczno\u015b\u0107 w du\u017cej mierze zale\u017cy od indywidualnej reakcji i preferencji. Sildenafil, tadalafil i wardenafil wykazuj\u0105 wysoki wska\u017anik skuteczno\u015bci, ale r\u00f3\u017cnice w czasie dzia\u0142ania i czasie wyst\u0105pienia mog\u0105 mie\u0107 wp\u0142yw na wyb\u00f3r. Sildenafil i wardenafil dzia\u0142aj\u0105 szybciej, a wyd\u0142u\u017cony czas dzia\u0142ania tadalafilu jest atrakcyjny dla os\u00f3b poszukuj\u0105cych d\u0142ugotrwa\u0142ych efekt\u00f3w.<\/p>\n<p>Badania kliniczne sugeruj\u0105, \u017ce wszystkie trzy leki znacz\u0105co poprawiaj\u0105 erekcj\u0119, przy czym tadalafil jest cz\u0119sto cytowany ze wzgl\u0119du na jego przed\u0142u\u017cone okno mo\u017cliwo\u015bci. Wyb\u00f3r mi\u0119dzy nimi mo\u017ce r\u00f3wnie\u017c zale\u017ce\u0107 od konkretnych wzgl\u0119d\u00f3w zdrowotnych, takich jak istniej\u0105ce schorzenia, potencjalne interakcje lek\u00f3w i czynniki zwi\u0105zane ze stylem \u017cycia.<\/p>\n<h2>Potencjalne skutki uboczne i wzgl\u0119dy bezpiecze\u0144stwa<\/h2>\n<p>Podobnie jak wszystkie leki, inhibitory PDE5 maj\u0105 potencjalne skutki uboczne. Cz\u0119ste dzia\u0142ania niepo\u017c\u0105dane obejmuj\u0105 b\u00f3le g\u0142owy, uderzenia gor\u0105ca, przekrwienie nosa i niestrawno\u015b\u0107. S\u0105 one zazwyczaj \u0142agodne i przemijaj\u0105ce, ale mog\u0105 wyst\u0105pi\u0107 powa\u017cniejsze dzia\u0142ania niepo\u017c\u0105dane, takie jak nag\u0142a utrata s\u0142uchu lub zmiany wzroku, wymagaj\u0105ce natychmiastowej pomocy lekarskiej.<\/p>\n<p>Wzgl\u0119dy bezpiecze\u0144stwa s\u0105 najwa\u017cniejsze, szczeg\u00f3lnie w przypadku os\u00f3b cierpi\u0105cych na choroby uk\u0142adu kr\u0105\u017cenia. Inhibitory PDE5 mog\u0105 wchodzi\u0107 w interakcje z azotanami i niekt\u00f3rymi lekami na ci\u015bnienie krwi, prowadz\u0105c do niebezpiecznych spadk\u00f3w ci\u015bnienia krwi. Dlatego wa\u017cne jest, aby przed rozpocz\u0119ciem stosowania inhibitor\u00f3w PDE5 om\u00f3wi\u0107 z lekarzem wszystkie leki i schorzenia.<\/p>\n<h2>Wp\u0142yw \u017cywno\u015bci i alkoholu na inhibitory PDE5<\/h2>\n<p>Jedzenie i alkohol mog\u0105 wp\u0142ywa\u0107 na wch\u0142anianie i skuteczno\u015b\u0107 inhibitor\u00f3w PDE5. Skuteczno\u015b\u0107 syldenafilu i wardenafilu mo\u017ce by\u0107 zmniejszona, je\u015bli zostan\u0105 przyj\u0119te z posi\u0142kiem o du\u017cej zawarto\u015bci t\u0142uszczu, poniewa\u017c mo\u017ce to op\u00f3\u017ani\u0107 ich wch\u0142anianie. Jedzenie ma jednak mniejszy wp\u0142yw na Tadalafil, co stanowi niewielk\u0105 przewag\u0119 dla os\u00f3b poszukuj\u0105cych elastyczno\u015bci w planowaniu posi\u0142k\u00f3w.<\/p>\n<p>Podczas stosowania inhibitor\u00f3w PDE5 nale\u017cy ograniczy\u0107 spo\u017cycie alkoholu, poniewa\u017c nadmierne jego spo\u017cycie mo\u017ce upo\u015bledza\u0107 erekcj\u0119 i zwi\u0119ksza\u0107 ryzyko wyst\u0105pienia dzia\u0142a\u0144 niepo\u017c\u0105danych. Umiarkowana ilo\u015b\u0107 alkoholu jest og\u00f3lnie uwa\u017cana za bezpieczn\u0105, ale indywidualny poziom tolerancji mo\u017ce si\u0119 r\u00f3\u017cni\u0107, a u\u017cytkownicy powinni by\u0107 \u015bwiadomi, jak ich organizm reaguje na t\u0119 kombinacj\u0119.<\/p>\n<h2>Inhibitory PDE5 i zdrowie serca: co musisz wiedzie\u0107<\/h2>\n<p>Zwi\u0105zek mi\u0119dzy inhibitorami PDE5 a zdrowiem serca jest z\u0142o\u017cony. Chocia\u017c leki te mog\u0105 nieznacznie obni\u017cy\u0107 ci\u015bnienie krwi, s\u0105 og\u00f3lnie bezpieczne dla wi\u0119kszo\u015bci m\u0119\u017cczyzn ze stabilnymi chorobami sercowo-naczyniowymi. Zaleca si\u0119 jednak ostro\u017cno\u015b\u0107 u os\u00f3b z ci\u0119\u017ck\u0105 chorob\u0105 serca lub przyjmuj\u0105cych leki takie jak azotany, poniewa\u017c interakcje mog\u0105 by\u0107 szkodliwe.<\/p>\n<p>Badania sugeruj\u0105 potencjalne korzy\u015bci sercowo-naczyniowe wynikaj\u0105ce ze stosowania inhibitor\u00f3w PDE5, takie jak poprawa funkcji \u015br\u00f3db\u0142onka i obni\u017cenie ci\u015bnienia krwi w nadci\u015bnieniu p\u0142ucnym. Niemniej jednak odkrycia te wymagaj\u0105 bardziej obszernych bada\u0144, aby w pe\u0142ni zrozumie\u0107 ich wp\u0142yw na zdrowie serca.<\/p>\n<h2>Inhibitory PDE5 i dobre samopoczucie psychiczne<\/h2>\n<p>Psychologiczny wp\u0142yw zaburze\u0144 erekcji mo\u017ce by\u0107 znacz\u0105cy, wp\u0142ywaj\u0105c na samoocen\u0119 i relacje. Inhibitory PDE5 mog\u0105 przyczynia\u0107 si\u0119 do poprawy dobrostanu psychicznego poprzez przywr\u00f3cenie erekcji i pewno\u015bci siebie. Wielu u\u017cytkownik\u00f3w zg\u0142asza popraw\u0119 jako\u015bci \u017cycia i relacji mi\u0119dzyludzkich po skutecznym leczeniu.<\/p>\n<p>Chocia\u017c inhibitory PDE5 dzia\u0142aj\u0105 na fizyczne aspekty zaburze\u0144 erekcji, konieczne mo\u017ce by\u0107 r\u00f3wnie\u017c uwzgl\u0119dnienie czynnik\u00f3w psychologicznych, takich jak l\u0119k i depresja. Terapia poznawczo-behawioralna lub poradnictwo mog\u0105 by\u0107 korzystne w po\u0142\u0105czeniu z lekami, aby osi\u0105gn\u0105\u0107 optymalne wyniki.<\/p>\n<h2>Mity kontra fakty: wyja\u015bnianie b\u0142\u0119dnych przekona\u0144<\/h2>\n<p>Wyja\u015bnianie b\u0142\u0119dnych przekona\u0144 na temat inhibitor\u00f3w PDE5 ma kluczowe znaczenie dla podejmowania \u015bwiadomych decyzji. Powszechnym mitem jest ryzyko uzale\u017cnienia; jednak\u017ce leki te nie powoduj\u0105 uzale\u017cnienia fizycznego. S\u0105 bezpieczne, je\u015bli s\u0105 stosowane zgodnie z zaleceniami i pod nadzorem lekarza.<\/p>\n<p>Innym b\u0142\u0119dnym przekonaniem jest to, \u017ce inhibitory PDE5 mog\u0105 trwale wyleczy\u0107 zaburzenia erekcji. Chocia\u017c s\u0105 skuteczne w leczeniu objaw\u00f3w, nie eliminuj\u0105 ich przyczyn. Kompleksowe podej\u015bcie, kt\u00f3re uwzgl\u0119dnia zmiany stylu \u017cycia i uwzgl\u0119dnienie czynnik\u00f3w sprzyjaj\u0105cych, jest niezb\u0119dne w leczeniu d\u0142ugoterminowym.<\/p>\n<h2>Przysz\u0142o\u015b\u0107 inhibitor\u00f3w PDE5 w medycynie<\/h2>\n<p>Przysz\u0142o\u015b\u0107 inhibitor\u00f3w PDE5 jest obiecuj\u0105ca dzi\u0119ki ci\u0105g\u0142ym badaniom nad nowymi zastosowaniami poza zaburzeniami erekcji. W badaniach bada si\u0119 ich potencja\u0142 w leczeniu takich schorze\u0144, jak nadci\u015bnienie p\u0142ucne, niewydolno\u015b\u0107 serca, a nawet niekt\u00f3re rodzaje nowotwor\u00f3w.<\/p>\n<p>Post\u0119py w formu\u0142ach inhibitor\u00f3w PDE5, takie jak wersje szybciej dzia\u0142aj\u0105ce i bardziej ukierunkowane, mog\u0105 zwi\u0119kszy\u0107 ich skuteczno\u015b\u0107 i zmniejszy\u0107 skutki uboczne. Ci\u0105g\u0142e badania i innowacje prawdopodobnie poszerz\u0105 ich zastosowanie terapeutyczne, z korzy\u015bci\u0105 dla szerszego grona pacjent\u00f3w.<\/p>\n<h2>Rozmowa z lekarzem na temat inhibitor\u00f3w PDE5<\/h2>\n<p>Om\u00f3wienie inhibitor\u00f3w PDE5 z lekarzem jest istotnym krokiem w leczeniu zaburze\u0144 erekcji. Rozmowa ta powinna obejmowa\u0107 potencjalne korzy\u015bci, ryzyko i wszelkie schorzenia, kt\u00f3re mog\u0105 mie\u0107 wp\u0142yw na wyb\u00f3r leczenia. Zrozumienie historii zdrowia pacjenta i interakcji lek\u00f3w jest niezb\u0119dne dla bezpiecznego i skutecznego stosowania.<\/p>\n<p>Pacjenci powinni czu\u0107 si\u0119 swobodnie, rozmawiaj\u0105c z lekarzem o swoich obawach i preferencjach, poniewa\u017c otwarta komunikacja mo\u017ce znacz\u0105co wp\u0142yn\u0105\u0107 na powodzenie leczenia. Dostawcy mog\u0105 udzieli\u0107 wskaz\u00f3wek, kt\u00f3ry inhibitor PDE5 b\u0119dzie najlepiej dostosowany do indywidualnych potrzeb i okoliczno\u015bci.<\/p>\n<h2>Zmiany stylu \u017cycia w celu zwi\u0119kszenia skuteczno\u015bci inhibitora PDE5<\/h2>\n<p>W\u0142\u0105czenie zmian w stylu \u017cycia mo\u017ce zwi\u0119kszy\u0107 skuteczno\u015b\u0107 inhibitor\u00f3w PDE5. Regularne \u0107wiczenia, zbilansowana dieta i utrzymywanie prawid\u0142owej wagi przyczyniaj\u0105 si\u0119 do poprawy erekcji i og\u00f3lnego stanu zdrowia. Zmniejszenie stresu i rzucenie palenia mo\u017ce mie\u0107 r\u00f3wnie\u017c pozytywne skutki.<\/p>\n<p>Opr\u00f3cz przyjmowania lek\u00f3w, uwzgl\u0119dnienie czynnik\u00f3w zwi\u0105zanych ze stylem \u017cycia mo\u017ce prowadzi\u0107 do bardziej trwa\u0142ej poprawy funkcji erekcji. Dokonuj\u0105c pozytywnych zmian, poszczeg\u00f3lne osoby mog\u0105 wesprze\u0107 skuteczno\u015b\u0107 inhibitor\u00f3w PDE5 i poprawi\u0107 jako\u015b\u0107 swojego \u017cycia.<\/p>\n","protected":false},"excerpt":{"rendered":"<p>Inhibitory PDE5 wyja\u015bni\u0142y: jak dzia\u0142aj\u0105 sildenafil, tadalafil i wardenafil: wydanie obalamy mity Poznaj wiedz\u0119 naukow\u0105 stoj\u0105c\u0105 za inhibitorami PDE5, w tym sildenafil, tadalafil i wardenafil, obalaj powszechne mity i poznaj ich rol\u0119 w leczeniu zaburze\u0144 erekcji. Zrozumienie inhibitor\u00f3w PDE5: przegl\u0105d i mechanizm Inhibitory PDE5 to klasa lek\u00f3w stosowanych g\u0142\u00f3wnie w leczeniu zaburze\u0144 erekcji (ED) poprzez [&hellip;]<\/p>\n","protected":false},"author":1,"featured_media":0,"parent":0,"menu_order":0,"comment_status":"closed","ping_status":"closed","template":"","meta":{"footnotes":""},"class_list":["post-26225","page","type-page","status-publish","hentry"],"_links":{"self":[{"href":"https:\/\/mydainikkhabar.com\/index.php?rest_route=\/wp\/v2\/pages\/26225","targetHints":{"allow":["GET"]}}],"collection":[{"href":"https:\/\/mydainikkhabar.com\/index.php?rest_route=\/wp\/v2\/pages"}],"about":[{"href":"https:\/\/mydainikkhabar.com\/index.php?rest_route=\/wp\/v2\/types\/page"}],"author":[{"embeddable":true,"href":"https:\/\/mydainikkhabar.com\/index.php?rest_route=\/wp\/v2\/users\/1"}],"replies":[{"embeddable":true,"href":"https:\/\/mydainikkhabar.com\/index.php?rest_route=%2Fwp%2Fv2%2Fcomments&post=26225"}],"version-history":[{"count":1,"href":"https:\/\/mydainikkhabar.com\/index.php?rest_route=\/wp\/v2\/pages\/26225\/revisions"}],"predecessor-version":[{"id":26227,"href":"https:\/\/mydainikkhabar.com\/index.php?rest_route=\/wp\/v2\/pages\/26225\/revisions\/26227"}],"wp:attachment":[{"href":"https:\/\/mydainikkhabar.com\/index.php?rest_route=%2Fwp%2Fv2%2Fmedia&parent=26225"}],"curies":[{"name":"wp","href":"https:\/\/api.w.org\/{rel}","templated":true}]}}